 of f?
2
Let v = 1103 + -575. Let x = -267 + v. What is the hundreds digit of x?
2
Let u(i) = -6 - i**2 - i + 2 - 6*i - 3*i. Let t be u(-9). Suppose 4*g - s = 3*s + 52, -15 = -3*g - t*s. What is the units digit of g?
0
Suppose -4*g = x - 202, -3*x + 22*g = 19*g - 636. What is the units digit of x?
0
Suppose -6*t + 2*t - 60 = 0. Let l = -2 - t. What is the tens digit of l?
1
Let w be 32/18 - 12/(-54). Suppose -3*t = j - 1, -t - 4 = -3*j - 1. Suppose -w*a + 3*a - 8 = t. What is the units digit of a?
8
Let l = 50 - 42. Suppose l = 2*k - 2*r - 24, 4*r = -2*k + 62. What is the tens digit of k?
2
What is the units digit of (-43857)/(-45) - (2 - (-48)/(-20))?
5
Let j be 6 - (10/3 - 30/(-45)). Suppose g = 48 - j. What is the tens digit of g?
4
Let y(w) = -9 - 20*w + 1 + 3 - 9. What is the units digit of y(-6)?
6
Let a = -26 + 27. Suppose 3 = 4*i - a. What is the tens digit of (-118)/(-10) + i/5?
1
Let t(b) be the second derivative of -1/4*b**5 + b + 1/12*b**4 + 0 + 1/2*b**2 + 1/6*b**3. What is the units digit of t(-1)?
6
Suppose -m + w = -886, -8*m - 2633 = -11*m - 2*w. What is the tens digit of m?
8
Let n(k) be the second derivative of -2*k**2 + 1/3*k**3 + 1/20*k**5 - 7/12*k**4 + 0 - 3*k. What is the units digit of n(7)?
0
Let c(r) = -r**2 + 5*r + 4. Let o be c(4). Suppose -5*m - 405 = -5*x, -x - 4*m - o = -79. What is the tens digit of x?
7
What is the units digit of ((-1278)/8)/(28/(-112))?
9
Let m(y) = 6*y**3 - 2*y + 22 - y**2 + 2*y**2 - 17 - 4*y**2. What is the tens digit of m(2)?
3
Suppose -6*i - 5 = 19. What is the tens digit of -1*(i + 284/(-4))?
7
Let h(f) = -f**3 - 31*f**2 - 41*f + 28. What is the hundreds digit of h(-31)?
2
Suppose 3*x + 4 = 13. Suppose -x*p = 3, 2*y + 8*p = 4*p. Suppose 2*a = -5*r + 49, -91 = -5*a + y*r - 4*r. What is the tens digit of a?
1
Suppose 5*b - 2*n + 30 = 0, -2*n = 4*b - 0*n + 42. Let s = 101 + b. What is the tens digit of s?
9
Suppose 5*j - 3650 = -5*x - 0*j, -3*j - 2214 = -3*x. What is the hundreds digit of x?
7
Let f(b) = -46*b + 229. What is the thousands digit of f(-45)?
2
Suppose 0 = -7*u + 2*u + 25. Let q be (-2)/u - (-22)/5. Suppose -2*a = q, 3*s - 16 - 57 = 5*a. What is the tens digit of s?
2
What is the hundreds digit of (7864/6)/(30/45)?
9
Let y(w) = -w**3 - 6*w**2 + 6*w - 6. Let n be y(-7). Let u = 7 - n. Let m(l) = 4*l - 11. What is the tens digit of m(u)?
1
Suppose 0*k = -5*k + 40. Suppose -4*y - x + 309 = 0, -5*y = 3*x - k*x - 405. What is the tens digit of y?
7
Let o = 54 + 81. Suppose 0 = u - 4*u - 5*v - 103, -v - o = 5*u. Let q = -18 - u. What is the units digit of q?
8
Let g(v) = -v**3 + 20*v**2 + 20*v - 196. What is the tens digit of g(20)?
0
Suppose 21252 = 193*p - 181*p. What is the thousands digit of p?
1
Let p = 646 + -345. What is the tens digit of p?
0
Let n(b) = b**3 - 7*b**2 - 12*b - 13. Suppose -6*c = 2*c - 72. What is the tens digit of n(c)?
4
Let o(p) = -25*p - 3. Let t be o(7). What is the units digit of t/(-2) + 2/(1/(-1))?
7
Let j(q) = -43*q + 12. What is the tens digit of j(-3)?
4
What is the tens digit of (22/(-3) - -7)/(3/(-21906))?
3
What is the units digit of (0 + -3)/(-52 - -53) + 428?
5
Let l = -122 + 288. What is the tens digit of l?
6
Suppose -2*j + 2 = -j. Suppose -b = -0*n + 2*n, 5*n = -j*b. What is the tens digit of (n + 17)/(13/13)?
1
Suppose -2*j + 8*j = -0*j. Let k(x) = -x + 50. What is the units digit of k(j)?
0
Let z = -4 + 7. Suppose -z*x = -0*x - 81. Suppose 5*b - 28 - x = 0. What is the units digit of b?
1
Suppose m = -3*p + 2123, -2*p - 3 = -13. What is the hundreds digit of m?
1
Let z be -1 + (-8 - -4)/(-1). Let h(f) = 20*f - 18*f + 6 - z. What is the tens digit of h(9)?
2
Suppose -2*o - 2*j + 6 = o, -3*o + 3*j = -6. Suppose -3*n = 3*s - 219, -o*n = -7*n - 4*s + 360. What is the units digit of n?
8
Let q(r) = -2*r**3 + r**2 + r - 1. Let p be q(2). Let g = 49 + p. What is the tens digit of g?
3
Let y(d) be the second derivative of 10*d + 1/6*d**4 + 0 + 1/2*d**3 - 2*d**2. What is the tens digit of y(5)?
6
Suppose -2*h + 70 = -5*z, 2*h = 3*z + h + 41. Let m = z + 64. What is the units digit of m?
2
Let q = -1927 - -2722. What is the units digit of q?
5
Let j(w) = -w**3 - 9*w**2 - 18. Let y be j(-9). What is the hundreds digit of ((-6)/y*3)/(1/107)?
1
Let a = -11 - -6. What is the tens digit of (a/(-5) - 2)*-54?
5
Let n = -427 + 789. What is the hundreds digit of n?
3
Let q = -1266 + 1884. What is the units digit of q?
8
Suppose 6*k - 11*k = -2375. Suppose -2*c - 69 = -k. What is the tens digit of 2/12 + c/6?
3
Let a be 2*(1 + 39/2). Let v = -19 + a. Suppose -2*w = 3*t + t - v, -5*w = 3*t - 34. What is the units digit of w?
5
Let w(z) be the first derivative of z**4/4 + 7*z**3/3 - 5*z**2 + 5*z - 9. What is the tens digit of w(-8)?
2
Let u = 62 + -53. Let w = 67 - u. What is the units digit of w?
8
Let a = -873 + 1273. Suppose 4*f = a - 76. What is the units digit of f?
1
Suppose 12 = 4*r - r. Suppose r*k + 4*s = 4, 37 = 5*k + 2*s - 5*s. Suppose -3*d + 28 = k*g - 77, -5*g + d = -125. What is the units digit of g?
4
Let x(o) = -10*o - 25. Let i = 16 - 24. What is the units digit of x(i)?
5
Let o = 10 + 89. Suppose -213 - o = -6*g. What is the tens digit of g?
5
Let i = -1401 - -3187. What is the tens digit of i?
8
Let t(j) = 5133*j + 4. What is the hundreds digit of t(1)?
1
Let a be 48/14 + (-12)/28. Let k(w) = 6*w**2 - 3*w + 2. What is the tens digit of k(a)?
4
Let k(f) = 7*f - 13. Let l(t) = t - 1. Let s(w) = -k(w) + 2*l(w). Let u = 831 - 836. What is the tens digit of s(u)?
3
Let l be ((-2)/(-4))/((-8)/(-80)). Suppose -l*c = -0*c + 15. Let n = c + 25. What is the units digit of n?
2
Let k = 70 + -74. What is the units digit of (62/(-1))/(k/8)?
4
Suppose 4*u + u = 410. Suppose 0 = -k - 5*f + u, -4*k - 2*f = -109 - 129. What is the tens digit of k?
5
Suppose 117*f - 39*f - 279162 = 0. What is the thousands digit of f?
3
Suppose o = -4*o - 25, -3*z + 2*o + 2377 = 0. What is the units digit of -8*((-1)/(-7) - z/84)?
4
Let c be (-2)/((-3)/(-6) - 1). Suppose 2*b = c*b - 40. What is the tens digit of b?
2
Let n be ((-6)/8)/(4/48). Let o(p) = p**2 + 6*p + 17. What is the tens digit of o(n)?
4
Let q = 34 - -12. Let v = q - 29. What is the units digit of v?
7
Let v = -1644 - -2640. What is the hundreds digit of v?
9
What is the tens digit of ((-4)/(-6))/((-2)/(-699))?
3
Suppose 15*s - 2032 = 11738. What is the tens digit of s?
1
Suppose -30 = -4*h - s, -s = -5*h + 3*s + 48. Suppose h = -4*x - 3*i, 7*i = 4*i - 12. What is the units digit of x?
1
Suppose -5*p + 205 = -p - t, 0 = -3*p - 5*t + 171. Suppose 98 + p = -5*d. What is the units digit of ((-8)/24)/(2/d)?
5
Let m = 2130 - 1438. Suppose 0 = -5*j + 2*o + 341 + 331, -5*j - 3*o + m = 0. What is the units digit of j?
6
Let h be 21/(-6)*(-16)/28. Suppose -5*s + 25 = -h*l, -s = 3*s - 4*l - 20. Suppose s*n - 18 = 2*n. What is the units digit of n?
6
Let w = -532 - -1256. What is the tens digit of w?
2
Suppose 10*l = 8*l + 6. Suppose l = w - 0*w, -u + 4*w - 19 = 0. What is the units digit of (-2)/u - (-84)/49?
2
Suppose 7*i = 5933 + 5708. What is the thousands digit of i?
1
Suppose -o - 16 = -0*v + 4*v, 2*o + 4*v = -16. Suppose -2*x + x = -2*u + 8, -16 = -2*u - x. Suppose o = 4*t - t - u, k - 38 = -4*t. What is the tens digit of k?
3
Let m = 14 + -20. Let r = -4 - m. Let d(p) = 3*p**3 - p**2 - 2*p + 2. What is the units digit of d(r)?
8
Let o(b) = b**3 + b + 1. Let f(c) = 25*c**3 - 3*c**2 - 6*c - 5. Let t(i) = -f(i) - 5*o(i). What is the units digit of t(-2)?
0
Suppose 2*n = -2*n. Suppose -2*z + 2*p + 274 = n, 0 = -0*z + 5*z - 3*p - 687. What is the hundreds digit of z?
1
Let j = 113 - 110. Let d(l) = 3*l**2 + 1 + 0*l**3 + 4*l**3 - 3*l**3 - 2*l. What is the units digit of d(j)?
9
Let m = 2674 + -1395. What is the thousands digit of m?
1
Suppose 0 = -3*h - 12, -h + 1580 = -2*f + 6*f. Suppose -2*m = -3*u + f, -57 = -u + 3*m + 75. What is the tens digit of u?
3
What is the units digit of (-1)/(1322/(-660) + 2)?
0
Let q(z) = 0*z**2 + 2*z**2 - z**2 + 1. Let t be q(-1). Suppose 39 = c - t*v, 0 = 2*c - 3*v + 4*v - 68. What is the units digit of c?
5
Suppose -106*u = -101*u - 25. What is the units digit of u?
5
Suppose -1252 = -19*j + 344. What is the units digit of j?
4
Suppose -4*h + h = -30. Suppose r - h = -1. What is the u